{"id":1956,"date":"2025-08-20T13:14:10","date_gmt":"2025-08-20T13:14:10","guid":{"rendered":"http:\/\/barsante.com.ar\/disegno\/producto\/sin%20categor\u00eda\/campania\/"},"modified":"2026-02-13T17:48:05","modified_gmt":"2026-02-13T17:48:05","slug":"campania","status":"publish","type":"product","link":"http:\/\/barsante.com.ar\/disegno\/producto\/mesas\/mesas-de-centro\/campania\/","title":{"rendered":"campania"},"content":{"rendered":"<p>Campania es un conjunto de mesas de centro y pufs con bases y tableros en forma pentagonal, donde las piezas se distinguen por sus diferentes alturas, dimensiones y posibilidades de acabado. El dise\u00f1o din\u00e1mico de la l\u00ednea acompa\u00f1a la rutina contempor\u00e1nea y permite la creaci\u00f3n de composiciones que, vistas desde arriba, se asemejan a un panal de m\u00faltiples materiales y texturas. Una invitaci\u00f3n a experiencias sensoriales que ampl\u00edan la funcionalidad de los ambientes.<\/p>\n<p>Medidas Mesas de centro:<br \/>\nMesa Alta: A 42.5cm | L 61.9cm | P 45.6cm<br \/>\nMesa Media: A 37.7cm | L 92.1cm | P 82.3cm<br \/>\nMesa Baja: A 30.2cm | L 122.4cm | P 86.3cm<\/p>\n","protected":false},"excerpt":{"rendered":"<p>Campania es un conjunto de mesas de centro y pufs con bases y tableros en forma pentagonal, donde las piezas se distinguen por sus diferentes alturas, dimensiones y posibilidades de acabado. El dise\u00f1o din\u00e1mico de la l\u00ednea acompa\u00f1a la rutina contempor\u00e1nea y permite la creaci\u00f3n de composiciones que, vistas desde arriba, se asemejan a un [&hellip;]<\/p>\n","protected":false},"featured_media":3117,"comment_status":"closed","ping_status":"closed","template":"","meta":{"_et_pb_use_builder":"","_et_pb_old_content":"","_et_gb_content_width":""},"product_brand":[],"product_cat":[28],"product_tag":[43],"class_list":{"0":"post-1956","1":"product","2":"type-product","3":"status-publish","4":"has-post-thumbnail","6":"product_cat-mesas-de-centro","7":"product_tag-3_fotos","9":"first","10":"instock","11":"product-type-simple"},"_links":{"self":[{"href":"http:\/\/barsante.com.ar\/disegno\/wp-json\/wp\/v2\/product\/1956","targetHints":{"allow":["GET"]}}],"collection":[{"href":"http:\/\/barsante.com.ar\/disegno\/wp-json\/wp\/v2\/product"}],"about":[{"href":"http:\/\/barsante.com.ar\/disegno\/wp-json\/wp\/v2\/types\/product"}],"replies":[{"embeddable":true,"href":"http:\/\/barsante.com.ar\/disegno\/wp-json\/wp\/v2\/comments?post=1956"}],"wp:featuredmedia":[{"embeddable":true,"href":"http:\/\/barsante.com.ar\/disegno\/wp-json\/wp\/v2\/media\/3117"}],"wp:attachment":[{"href":"http:\/\/barsante.com.ar\/disegno\/wp-json\/wp\/v2\/media?parent=1956"}],"wp:term":[{"taxonomy":"product_brand","embeddable":true,"href":"http:\/\/barsante.com.ar\/disegno\/wp-json\/wp\/v2\/product_brand?post=1956"},{"taxonomy":"product_cat","embeddable":true,"href":"http:\/\/barsante.com.ar\/disegno\/wp-json\/wp\/v2\/product_cat?post=1956"},{"taxonomy":"product_tag","embeddable":true,"href":"http:\/\/barsante.com.ar\/disegno\/wp-json\/wp\/v2\/product_tag?post=1956"}],"curies":[{"name":"wp","href":"https:\/\/api.w.org\/{rel}","templated":true}]}}