{"id":1958,"date":"2025-08-20T13:14:10","date_gmt":"2025-08-20T13:14:10","guid":{"rendered":"http:\/\/barsante.com.ar\/disegno\/producto\/sin%20categor\u00eda\/catania\/"},"modified":"2025-08-20T19:01:46","modified_gmt":"2025-08-20T19:01:46","slug":"catania","status":"publish","type":"product","link":"http:\/\/barsante.com.ar\/disegno\/producto\/mesas\/mesas-de-apoyo\/catania\/","title":{"rendered":"catania"},"content":{"rendered":"<p>Un d\u00fao de mesas auxiliares con una est\u00e9tica primordial, inspirado en la visi\u00f3n minimalista y funcional del dise\u00f1o japon\u00e9s: menos es m\u00e1s. La base combina metal y madera, sosteniendo una tapa de MDF laminado en madera de cinamomo. Una l\u00e1mina met\u00e1lica sobresale de la tapa para facilitar su transporte.<\/p>\n<p>Medidas:<br \/>\nMesa Alta: A 51cm | L 30cm | P 30cm<br \/>\nMesa Baja: A 46cm | L 30cm | P 30cm<\/p>\n","protected":false},"excerpt":{"rendered":"<p>Un d\u00fao de mesas auxiliares con una est\u00e9tica primordial, inspirado en la visi\u00f3n minimalista y funcional del dise\u00f1o japon\u00e9s: menos es m\u00e1s. La base combina metal y madera, sosteniendo una tapa de MDF laminado en madera de cinamomo. Una l\u00e1mina met\u00e1lica sobresale de la tapa para facilitar su transporte. Medidas: Mesa Alta: A 51cm | [&hellip;]<\/p>\n","protected":false},"featured_media":2147,"comment_status":"closed","ping_status":"closed","template":"","meta":{"_et_pb_use_builder":"","_et_pb_old_content":"","_et_gb_content_width":""},"product_brand":[],"product_cat":[29],"product_tag":[41],"class_list":{"0":"post-1958","1":"product","2":"type-product","3":"status-publish","4":"has-post-thumbnail","6":"product_cat-mesas-de-apoyo","7":"product_tag-0_fotos","9":"first","10":"instock","11":"product-type-simple"},"_links":{"self":[{"href":"http:\/\/barsante.com.ar\/disegno\/wp-json\/wp\/v2\/product\/1958","targetHints":{"allow":["GET"]}}],"collection":[{"href":"http:\/\/barsante.com.ar\/disegno\/wp-json\/wp\/v2\/product"}],"about":[{"href":"http:\/\/barsante.com.ar\/disegno\/wp-json\/wp\/v2\/types\/product"}],"replies":[{"embeddable":true,"href":"http:\/\/barsante.com.ar\/disegno\/wp-json\/wp\/v2\/comments?post=1958"}],"wp:featuredmedia":[{"embeddable":true,"href":"http:\/\/barsante.com.ar\/disegno\/wp-json\/wp\/v2\/media\/2147"}],"wp:attachment":[{"href":"http:\/\/barsante.com.ar\/disegno\/wp-json\/wp\/v2\/media?parent=1958"}],"wp:term":[{"taxonomy":"product_brand","embeddable":true,"href":"http:\/\/barsante.com.ar\/disegno\/wp-json\/wp\/v2\/product_brand?post=1958"},{"taxonomy":"product_cat","embeddable":true,"href":"http:\/\/barsante.com.ar\/disegno\/wp-json\/wp\/v2\/product_cat?post=1958"},{"taxonomy":"product_tag","embeddable":true,"href":"http:\/\/barsante.com.ar\/disegno\/wp-json\/wp\/v2\/product_tag?post=1958"}],"curies":[{"name":"wp","href":"https:\/\/api.w.org\/{rel}","templated":true}]}}