{"id":1964,"date":"2025-08-20T13:14:10","date_gmt":"2025-08-20T13:14:10","guid":{"rendered":"http:\/\/barsante.com.ar\/disegno\/producto\/sin%20categor\u00eda\/lirio\/"},"modified":"2026-03-20T18:31:01","modified_gmt":"2026-03-20T18:31:01","slug":"lirio","status":"publish","type":"product","link":"http:\/\/barsante.com.ar\/disegno\/producto\/mesas\/carros\/lirio\/","title":{"rendered":"lirio"},"content":{"rendered":"<p>Sus l\u00edneas rectas envuelven la estructura con la misma serenidad con la que la costa abraza el dinamismo de las aguas brasile\u00f1as.<\/p>\n<p>En 2024, la expansi\u00f3n de esta colecci\u00f3n, incorpora dise\u00f1os innovadores que, al igual que las orillas, se adaptan con facilidad a distintos ambientes, gracias a la amplia variedad de acabados disponibles.<\/p>\n","protected":false},"excerpt":{"rendered":"<p>Sus l\u00edneas rectas envuelven la estructura con la misma serenidad con la que la costa abraza el dinamismo de las aguas brasile\u00f1as. En 2024, la expansi\u00f3n de esta colecci\u00f3n, incorpora dise\u00f1os innovadores que, al igual que las orillas, se adaptan con facilidad a distintos ambientes, gracias a la amplia variedad de acabados disponibles.<\/p>\n","protected":false},"featured_media":2126,"comment_status":"closed","ping_status":"closed","template":"","meta":{"_et_pb_use_builder":"","_et_pb_old_content":"","_et_gb_content_width":""},"product_brand":[],"product_cat":[30],"product_tag":[41],"class_list":{"0":"post-1964","1":"product","2":"type-product","3":"status-publish","4":"has-post-thumbnail","6":"product_cat-carros","7":"product_tag-0_fotos","9":"first","10":"instock","11":"product-type-simple"},"_links":{"self":[{"href":"http:\/\/barsante.com.ar\/disegno\/wp-json\/wp\/v2\/product\/1964","targetHints":{"allow":["GET"]}}],"collection":[{"href":"http:\/\/barsante.com.ar\/disegno\/wp-json\/wp\/v2\/product"}],"about":[{"href":"http:\/\/barsante.com.ar\/disegno\/wp-json\/wp\/v2\/types\/product"}],"replies":[{"embeddable":true,"href":"http:\/\/barsante.com.ar\/disegno\/wp-json\/wp\/v2\/comments?post=1964"}],"wp:featuredmedia":[{"embeddable":true,"href":"http:\/\/barsante.com.ar\/disegno\/wp-json\/wp\/v2\/media\/2126"}],"wp:attachment":[{"href":"http:\/\/barsante.com.ar\/disegno\/wp-json\/wp\/v2\/media?parent=1964"}],"wp:term":[{"taxonomy":"product_brand","embeddable":true,"href":"http:\/\/barsante.com.ar\/disegno\/wp-json\/wp\/v2\/product_brand?post=1964"},{"taxonomy":"product_cat","embeddable":true,"href":"http:\/\/barsante.com.ar\/disegno\/wp-json\/wp\/v2\/product_cat?post=1964"},{"taxonomy":"product_tag","embeddable":true,"href":"http:\/\/barsante.com.ar\/disegno\/wp-json\/wp\/v2\/product_tag?post=1964"}],"curies":[{"name":"wp","href":"https:\/\/api.w.org\/{rel}","templated":true}]}}