{"id":1967,"date":"2025-08-20T13:14:24","date_gmt":"2025-08-20T13:14:24","guid":{"rendered":"http:\/\/barsante.com.ar\/disegno\/producto\/sin%20categor\u00eda\/mesa-de-centro-arezzo\/"},"modified":"2026-02-11T15:31:48","modified_gmt":"2026-02-11T15:31:48","slug":"mesa-de-centro-arezzo","status":"publish","type":"product","link":"http:\/\/barsante.com.ar\/disegno\/producto\/mesas\/mesas-de-centro\/mesa-de-centro-arezzo\/","title":{"rendered":"arezzo"},"content":{"rendered":"<p>Con un dise\u00f1o atrevido y elegante, la silla Alessandra aporta un toque moderno y sofisticado, combinando funcionalidad y est\u00e9tica de manera \u00fanica. Trazos din\u00e1micos y una estructura ergon\u00f3mica proporcionan no solo un asiento c\u00f3modo, sino tambi\u00e9n un elemento de dise\u00f1o que marca la diferencia.<\/p>\n<p>Medidas Mesas de centro:<br \/>\nMesa Alta: A 42.5cm | L 61.9cm | P 45.6cm<br \/>\nMesa Media: A 37.7cm | L 92.1cm | P 82.3cm<br \/>\nMesa Baja: A 30.2cm | L 122.4cm | P 86.3cm<\/p>\n","protected":false},"excerpt":{"rendered":"<p>Con un dise\u00f1o atrevido y elegante, la silla Alessandra aporta un toque moderno y sofisticado, combinando funcionalidad y est\u00e9tica de manera \u00fanica. Trazos din\u00e1micos y una estructura ergon\u00f3mica proporcionan no solo un asiento c\u00f3modo, sino tambi\u00e9n un elemento de dise\u00f1o que marca la diferencia. Medidas Mesas de centro: Mesa Alta: A 42.5cm | L 61.9cm [&hellip;]<\/p>\n","protected":false},"featured_media":2669,"comment_status":"closed","ping_status":"closed","template":"","meta":{"_et_pb_use_builder":"","_et_pb_old_content":"","_et_gb_content_width":""},"product_brand":[],"product_cat":[28],"product_tag":[38],"class_list":{"0":"post-1967","1":"product","2":"type-product","3":"status-publish","4":"has-post-thumbnail","6":"product_cat-mesas-de-centro","7":"product_tag-9_fotos","9":"first","10":"instock","11":"product-type-simple"},"_links":{"self":[{"href":"http:\/\/barsante.com.ar\/disegno\/wp-json\/wp\/v2\/product\/1967","targetHints":{"allow":["GET"]}}],"collection":[{"href":"http:\/\/barsante.com.ar\/disegno\/wp-json\/wp\/v2\/product"}],"about":[{"href":"http:\/\/barsante.com.ar\/disegno\/wp-json\/wp\/v2\/types\/product"}],"replies":[{"embeddable":true,"href":"http:\/\/barsante.com.ar\/disegno\/wp-json\/wp\/v2\/comments?post=1967"}],"wp:featuredmedia":[{"embeddable":true,"href":"http:\/\/barsante.com.ar\/disegno\/wp-json\/wp\/v2\/media\/2669"}],"wp:attachment":[{"href":"http:\/\/barsante.com.ar\/disegno\/wp-json\/wp\/v2\/media?parent=1967"}],"wp:term":[{"taxonomy":"product_brand","embeddable":true,"href":"http:\/\/barsante.com.ar\/disegno\/wp-json\/wp\/v2\/product_brand?post=1967"},{"taxonomy":"product_cat","embeddable":true,"href":"http:\/\/barsante.com.ar\/disegno\/wp-json\/wp\/v2\/product_cat?post=1967"},{"taxonomy":"product_tag","embeddable":true,"href":"http:\/\/barsante.com.ar\/disegno\/wp-json\/wp\/v2\/product_tag?post=1967"}],"curies":[{"name":"wp","href":"https:\/\/api.w.org\/{rel}","templated":true}]}}