{"id":1979,"date":"2025-08-20T13:14:24","date_gmt":"2025-08-20T13:14:24","guid":{"rendered":"http:\/\/barsante.com.ar\/disegno\/producto\/sin%20categor\u00eda\/varena\/"},"modified":"2026-01-26T23:42:03","modified_gmt":"2026-01-26T23:42:03","slug":"varena","status":"publish","type":"product","link":"http:\/\/barsante.com.ar\/disegno\/producto\/mesas\/escritorios\/varena\/","title":{"rendered":"varena"},"content":{"rendered":"<p>La l\u00ednea Varena fue desarrollada con el prop\u00f3sito de reflejar los esfuerzos y reconocimientos alcanzados. Con las caracter\u00edsticas surgidas de esta evoluci\u00f3n, la l\u00ednea Varena re\u00fane los elementos distintivos que la han definido a lo largo de 30 a\u00f1os.<\/p>\n<p>Informaci\u00f3n t\u00e9cnica<br \/>\nDimensiones:<br \/>\nA: 77 cm x L: 160 cm x P: 45 cm<\/p>\n","protected":false},"excerpt":{"rendered":"<p>La l\u00ednea Varena fue desarrollada con el prop\u00f3sito de reflejar los esfuerzos y reconocimientos alcanzados. Con las caracter\u00edsticas surgidas de esta evoluci\u00f3n, la l\u00ednea Varena re\u00fane los elementos distintivos que la han definido a lo largo de 30 a\u00f1os. Informaci\u00f3n t\u00e9cnica Dimensiones: A: 77 cm x L: 160 cm x P: 45 cm<\/p>\n","protected":false},"featured_media":2698,"comment_status":"closed","ping_status":"closed","template":"","meta":{"_et_pb_use_builder":"","_et_pb_old_content":"","_et_gb_content_width":""},"product_brand":[],"product_cat":[53],"product_tag":[41],"class_list":{"0":"post-1979","1":"product","2":"type-product","3":"status-publish","4":"has-post-thumbnail","6":"product_cat-escritorios","7":"product_tag-0_fotos","9":"first","10":"instock","11":"product-type-simple"},"_links":{"self":[{"href":"http:\/\/barsante.com.ar\/disegno\/wp-json\/wp\/v2\/product\/1979","targetHints":{"allow":["GET"]}}],"collection":[{"href":"http:\/\/barsante.com.ar\/disegno\/wp-json\/wp\/v2\/product"}],"about":[{"href":"http:\/\/barsante.com.ar\/disegno\/wp-json\/wp\/v2\/types\/product"}],"replies":[{"embeddable":true,"href":"http:\/\/barsante.com.ar\/disegno\/wp-json\/wp\/v2\/comments?post=1979"}],"wp:featuredmedia":[{"embeddable":true,"href":"http:\/\/barsante.com.ar\/disegno\/wp-json\/wp\/v2\/media\/2698"}],"wp:attachment":[{"href":"http:\/\/barsante.com.ar\/disegno\/wp-json\/wp\/v2\/media?parent=1979"}],"wp:term":[{"taxonomy":"product_brand","embeddable":true,"href":"http:\/\/barsante.com.ar\/disegno\/wp-json\/wp\/v2\/product_brand?post=1979"},{"taxonomy":"product_cat","embeddable":true,"href":"http:\/\/barsante.com.ar\/disegno\/wp-json\/wp\/v2\/product_cat?post=1979"},{"taxonomy":"product_tag","embeddable":true,"href":"http:\/\/barsante.com.ar\/disegno\/wp-json\/wp\/v2\/product_tag?post=1979"}],"curies":[{"name":"wp","href":"https:\/\/api.w.org\/{rel}","templated":true}]}}