{"id":2287,"date":"2025-11-27T17:24:55","date_gmt":"2025-11-27T17:24:55","guid":{"rendered":"http:\/\/barsante.com.ar\/disegno\/?post_type=product&#038;p=2287"},"modified":"2025-12-23T13:54:23","modified_gmt":"2025-12-23T13:54:23","slug":"carro-bar-dano","status":"publish","type":"product","link":"http:\/\/barsante.com.ar\/disegno\/producto\/mesas\/carros\/carro-bar-dano\/","title":{"rendered":"Dano"},"content":{"rendered":"<p data-pm-slice=\"1 1 []\">Pieza cl\u00e1sica y multifuncional, el Carro Bar Dano aporta refinamiento y sofisticaci\u00f3n. Sus ruedas revestidas en cuero, la bandeja en rejilla de fibra natural y la estructura de madera con detalles met\u00e1licos lo convierten en una pieza vers\u00e1til e h\u00edbrida, ideal para todo tipo de ambientes.<\/p>\n<p>El carro bar est\u00e1 fabricado con una estructura met\u00e1lica de acero al carbono, mientras que las partes de madera reciben un acabado en chapa natural de roble, garantizando elegancia y durabilidad.<\/p>\n","protected":false},"excerpt":{"rendered":"<p>Pieza cl\u00e1sica y multifuncional, el Carro Bar Dano aporta refinamiento y sofisticaci\u00f3n. Sus ruedas revestidas en cuero, la bandeja en rejilla de fibra natural y la estructura de madera con detalles met\u00e1licos lo convierten en una pieza vers\u00e1til e h\u00edbrida, ideal para todo tipo de ambientes. El carro bar est\u00e1 fabricado con una estructura met\u00e1lica [&hellip;]<\/p>\n","protected":false},"featured_media":2288,"comment_status":"open","ping_status":"closed","template":"","meta":{"_et_pb_use_builder":"","_et_pb_old_content":"","_et_gb_content_width":""},"product_brand":[],"product_cat":[30],"product_tag":[],"class_list":{"0":"post-2287","1":"product","2":"type-product","3":"status-publish","4":"has-post-thumbnail","6":"product_cat-carros","8":"first","9":"instock","10":"shipping-taxable","11":"product-type-simple"},"_links":{"self":[{"href":"http:\/\/barsante.com.ar\/disegno\/wp-json\/wp\/v2\/product\/2287","targetHints":{"allow":["GET"]}}],"collection":[{"href":"http:\/\/barsante.com.ar\/disegno\/wp-json\/wp\/v2\/product"}],"about":[{"href":"http:\/\/barsante.com.ar\/disegno\/wp-json\/wp\/v2\/types\/product"}],"replies":[{"embeddable":true,"href":"http:\/\/barsante.com.ar\/disegno\/wp-json\/wp\/v2\/comments?post=2287"}],"wp:featuredmedia":[{"embeddable":true,"href":"http:\/\/barsante.com.ar\/disegno\/wp-json\/wp\/v2\/media\/2288"}],"wp:attachment":[{"href":"http:\/\/barsante.com.ar\/disegno\/wp-json\/wp\/v2\/media?parent=2287"}],"wp:term":[{"taxonomy":"product_brand","embeddable":true,"href":"http:\/\/barsante.com.ar\/disegno\/wp-json\/wp\/v2\/product_brand?post=2287"},{"taxonomy":"product_cat","embeddable":true,"href":"http:\/\/barsante.com.ar\/disegno\/wp-json\/wp\/v2\/product_cat?post=2287"},{"taxonomy":"product_tag","embeddable":true,"href":"http:\/\/barsante.com.ar\/disegno\/wp-json\/wp\/v2\/product_tag?post=2287"}],"curies":[{"name":"wp","href":"https:\/\/api.w.org\/{rel}","templated":true}]}}