{"id":3415,"date":"2026-02-26T16:19:57","date_gmt":"2026-02-26T16:19:57","guid":{"rendered":"http:\/\/barsante.com.ar\/disegno\/?post_type=product&#038;p=3415"},"modified":"2026-03-25T20:33:36","modified_gmt":"2026-03-25T20:33:36","slug":"vivaldi","status":"publish","type":"product","link":"http:\/\/barsante.com.ar\/disegno\/producto\/sofas\/vivaldi\/","title":{"rendered":"Vivaldi"},"content":{"rendered":"<p data-pm-slice=\"1 1 []\">Sus formas curvas y sugerentes aportan confort y calidez, invitando al usuario a entregarse al abrazo acogedor que proporciona el mobiliario. Esta fluidez est\u00e9tica se combina con las costuras, que definen cada l\u00ednea del dise\u00f1o de las piezas. Vivaldi se convierte en un refugio privado, una invitaci\u00f3n a la relajaci\u00f3n y la contemplaci\u00f3n, proporcionando una experiencia sensorial completa que va m\u00e1s all\u00e1 de su funcionalidad.<\/p>\n","protected":false},"excerpt":{"rendered":"<p>Sus formas curvas y sugerentes aportan confort y calidez, invitando al usuario a entregarse al abrazo acogedor que proporciona el mobiliario. Esta fluidez est\u00e9tica se combina con las costuras, que definen cada l\u00ednea del dise\u00f1o de las piezas. Vivaldi se convierte en un refugio privado, una invitaci\u00f3n a la relajaci\u00f3n y la contemplaci\u00f3n, proporcionando una [&hellip;]<\/p>\n","protected":false},"featured_media":3883,"comment_status":"open","ping_status":"closed","template":"","meta":{"_et_pb_use_builder":"","_et_pb_old_content":"","_et_gb_content_width":""},"product_brand":[],"product_cat":[24],"product_tag":[],"class_list":{"0":"post-3415","1":"product","2":"type-product","3":"status-publish","4":"has-post-thumbnail","6":"product_cat-sofas","8":"first","9":"instock","10":"shipping-taxable","11":"product-type-simple"},"_links":{"self":[{"href":"http:\/\/barsante.com.ar\/disegno\/wp-json\/wp\/v2\/product\/3415","targetHints":{"allow":["GET"]}}],"collection":[{"href":"http:\/\/barsante.com.ar\/disegno\/wp-json\/wp\/v2\/product"}],"about":[{"href":"http:\/\/barsante.com.ar\/disegno\/wp-json\/wp\/v2\/types\/product"}],"replies":[{"embeddable":true,"href":"http:\/\/barsante.com.ar\/disegno\/wp-json\/wp\/v2\/comments?post=3415"}],"wp:featuredmedia":[{"embeddable":true,"href":"http:\/\/barsante.com.ar\/disegno\/wp-json\/wp\/v2\/media\/3883"}],"wp:attachment":[{"href":"http:\/\/barsante.com.ar\/disegno\/wp-json\/wp\/v2\/media?parent=3415"}],"wp:term":[{"taxonomy":"product_brand","embeddable":true,"href":"http:\/\/barsante.com.ar\/disegno\/wp-json\/wp\/v2\/product_brand?post=3415"},{"taxonomy":"product_cat","embeddable":true,"href":"http:\/\/barsante.com.ar\/disegno\/wp-json\/wp\/v2\/product_cat?post=3415"},{"taxonomy":"product_tag","embeddable":true,"href":"http:\/\/barsante.com.ar\/disegno\/wp-json\/wp\/v2\/product_tag?post=3415"}],"curies":[{"name":"wp","href":"https:\/\/api.w.org\/{rel}","templated":true}]}}