{"id":3465,"date":"2026-02-26T22:46:48","date_gmt":"2026-02-26T22:46:48","guid":{"rendered":"http:\/\/barsante.com.ar\/disegno\/?post_type=product&#038;p=3465"},"modified":"2026-02-28T02:21:18","modified_gmt":"2026-02-28T02:21:18","slug":"aventino-tapa-orgnanica","status":"publish","type":"product","link":"http:\/\/barsante.com.ar\/disegno\/producto\/mesas\/mesas-de-comedor\/aventino-tapa-orgnanica\/","title":{"rendered":"Aventino TAPA ORGN\u00c1NICA"},"content":{"rendered":"<p>La mesa de comedor Aventino, en su versi\u00f3n org\u00e1nica, mantiene el elemento en \u201cV\u201d esculpido en madera maciza como protagonista, sosteniendo el conjunto con levedad y reforzando la sensaci\u00f3n de suspensi\u00f3n.<br \/>\nLa base c\u00f3nica garantiza estabilidad, mientras que el vac\u00edo entre tablero y estructura aporta identidad elegante a la pieza.Vers\u00e1til e imponente, Aventino org\u00e1nica combina fluidez y presencia para diferentes composiciones de comedor.<\/p>\n","protected":false},"excerpt":{"rendered":"<p>La mesa de comedor Aventino, en su versi\u00f3n org\u00e1nica, mantiene el elemento en \u201cV\u201d esculpido en madera maciza como protagonista, sosteniendo el conjunto con levedad y reforzando la sensaci\u00f3n de suspensi\u00f3n. La base c\u00f3nica garantiza estabilidad, mientras que el vac\u00edo entre tablero y estructura aporta identidad elegante a la pieza.Vers\u00e1til e imponente, Aventino org\u00e1nica combina [&hellip;]<\/p>\n","protected":false},"featured_media":3466,"comment_status":"open","ping_status":"closed","template":"","meta":{"_et_pb_use_builder":"","_et_pb_old_content":"","_et_gb_content_width":""},"product_brand":[],"product_cat":[27],"product_tag":[],"class_list":{"0":"post-3465","1":"product","2":"type-product","3":"status-publish","4":"has-post-thumbnail","6":"product_cat-mesas-de-comedor","8":"first","9":"instock","10":"shipping-taxable","11":"product-type-simple"},"_links":{"self":[{"href":"http:\/\/barsante.com.ar\/disegno\/wp-json\/wp\/v2\/product\/3465","targetHints":{"allow":["GET"]}}],"collection":[{"href":"http:\/\/barsante.com.ar\/disegno\/wp-json\/wp\/v2\/product"}],"about":[{"href":"http:\/\/barsante.com.ar\/disegno\/wp-json\/wp\/v2\/types\/product"}],"replies":[{"embeddable":true,"href":"http:\/\/barsante.com.ar\/disegno\/wp-json\/wp\/v2\/comments?post=3465"}],"wp:featuredmedia":[{"embeddable":true,"href":"http:\/\/barsante.com.ar\/disegno\/wp-json\/wp\/v2\/media\/3466"}],"wp:attachment":[{"href":"http:\/\/barsante.com.ar\/disegno\/wp-json\/wp\/v2\/media?parent=3465"}],"wp:term":[{"taxonomy":"product_brand","embeddable":true,"href":"http:\/\/barsante.com.ar\/disegno\/wp-json\/wp\/v2\/product_brand?post=3465"},{"taxonomy":"product_cat","embeddable":true,"href":"http:\/\/barsante.com.ar\/disegno\/wp-json\/wp\/v2\/product_cat?post=3465"},{"taxonomy":"product_tag","embeddable":true,"href":"http:\/\/barsante.com.ar\/disegno\/wp-json\/wp\/v2\/product_tag?post=3465"}],"curies":[{"name":"wp","href":"https:\/\/api.w.org\/{rel}","templated":true}]}}