{"id":1010,"date":"2025-07-22T19:25:37","date_gmt":"2025-07-22T19:25:37","guid":{"rendered":"http:\/\/barsante.com.ar\/disegno\/producto\/sin%20categor\u00eda\/nova\/"},"modified":"2025-12-31T15:45:45","modified_gmt":"2025-12-31T15:45:45","slug":"nova","status":"publish","type":"product","link":"https:\/\/barsante.com.ar\/disegno\/producto\/sillas\/nova\/","title":{"rendered":"nova"},"content":{"rendered":"<p>La silla Nova fue dise\u00f1ada para proporcionar bienestar y colaborar en una configuraci\u00f3n delicada y sorprendente. Este modelo prest\u00f3 total atenci\u00f3n al atractivo sensorial, enfatizando la comodidad y protecci\u00f3n. Estructura met\u00e1lica y apoyabrazos en madera maciza. El respaldo y el asiento tapizados forman una uni\u00f3n impecable para ayudar en el autocuidado. Detalle lateral de los brazos en cuero reconstituido.<\/p>\n","protected":false},"excerpt":{"rendered":"<p>La silla Nova fue dise\u00f1ada para proporcionar bienestar y colaborar en una configuraci\u00f3n delicada y sorprendente. Este modelo prest\u00f3 total atenci\u00f3n al atractivo sensorial, enfatizando la comodidad y protecci\u00f3n. Estructura met\u00e1lica y apoyabrazos en madera maciza. El respaldo y el asiento tapizados forman una uni\u00f3n impecable para ayudar en el autocuidado. Detalle lateral de los [&hellip;]<\/p>\n","protected":false},"featured_media":1058,"comment_status":"closed","ping_status":"closed","template":"","meta":{"_et_pb_use_builder":"","_et_pb_old_content":"","_et_gb_content_width":""},"product_brand":[],"product_cat":[16],"product_tag":[38],"class_list":{"0":"post-1010","1":"product","2":"type-product","3":"status-publish","4":"has-post-thumbnail","6":"product_cat-sillas","7":"product_tag-9_fotos","9":"first","10":"instock","11":"product-type-simple"},"_links":{"self":[{"href":"https:\/\/barsante.com.ar\/disegno\/wp-json\/wp\/v2\/product\/1010","targetHints":{"allow":["GET"]}}],"collection":[{"href":"https:\/\/barsante.com.ar\/disegno\/wp-json\/wp\/v2\/product"}],"about":[{"href":"https:\/\/barsante.com.ar\/disegno\/wp-json\/wp\/v2\/types\/product"}],"replies":[{"embeddable":true,"href":"https:\/\/barsante.com.ar\/disegno\/wp-json\/wp\/v2\/comments?post=1010"}],"wp:featuredmedia":[{"embeddable":true,"href":"https:\/\/barsante.com.ar\/disegno\/wp-json\/wp\/v2\/media\/1058"}],"wp:attachment":[{"href":"https:\/\/barsante.com.ar\/disegno\/wp-json\/wp\/v2\/media?parent=1010"}],"wp:term":[{"taxonomy":"product_brand","embeddable":true,"href":"https:\/\/barsante.com.ar\/disegno\/wp-json\/wp\/v2\/product_brand?post=1010"},{"taxonomy":"product_cat","embeddable":true,"href":"https:\/\/barsante.com.ar\/disegno\/wp-json\/wp\/v2\/product_cat?post=1010"},{"taxonomy":"product_tag","embeddable":true,"href":"https:\/\/barsante.com.ar\/disegno\/wp-json\/wp\/v2\/product_tag?post=1010"}],"curies":[{"name":"wp","href":"https:\/\/api.w.org\/{rel}","templated":true}]}}