{"id":2510,"date":"2025-12-02T12:38:27","date_gmt":"2025-12-02T12:38:27","guid":{"rendered":"http:\/\/barsante.com.ar\/disegno\/?post_type=product&#038;p=2510"},"modified":"2026-02-23T11:33:01","modified_gmt":"2026-02-23T11:33:01","slug":"creta-2","status":"publish","type":"product","link":"https:\/\/barsante.com.ar\/disegno\/producto\/sillones\/creta-2\/","title":{"rendered":"Creta"},"content":{"rendered":"<p data-pm-slice=\"1 1 []\">La Poltrona Creta presenta un dise\u00f1o innovador que combina lo despojado, lo l\u00fadico y lo refinado. Sus almohadones sueltos y confortables descansan sobre una base ergon\u00f3mica de madera. Ideal para quienes se atreven con piezas \u00fanicas, esta poltrona conquista a primera vista.<\/p>\n<p>Fabricada en madera maciza de Tauari te\u00f1ida seg\u00fan el acabado elegido, est\u00e1 revestida con espuma de alto rendimiento y terminada con los tejidos disponibles en la carta de acabados.<\/p>\n","protected":false},"excerpt":{"rendered":"<p>La Poltrona Creta presenta un dise\u00f1o innovador que combina lo despojado, lo l\u00fadico y lo refinado. Sus almohadones sueltos y confortables descansan sobre una base ergon\u00f3mica de madera. Ideal para quienes se atreven con piezas \u00fanicas, esta poltrona conquista a primera vista. Fabricada en madera maciza de Tauari te\u00f1ida seg\u00fan el acabado elegido, est\u00e1 revestida [&hellip;]<\/p>\n","protected":false},"featured_media":3163,"comment_status":"open","ping_status":"closed","template":"","meta":{"_et_pb_use_builder":"","_et_pb_old_content":"","_et_gb_content_width":""},"product_brand":[],"product_cat":[22],"product_tag":[],"class_list":{"0":"post-2510","1":"product","2":"type-product","3":"status-publish","4":"has-post-thumbnail","6":"product_cat-sillones","8":"first","9":"instock","10":"shipping-taxable","11":"product-type-simple"},"_links":{"self":[{"href":"https:\/\/barsante.com.ar\/disegno\/wp-json\/wp\/v2\/product\/2510","targetHints":{"allow":["GET"]}}],"collection":[{"href":"https:\/\/barsante.com.ar\/disegno\/wp-json\/wp\/v2\/product"}],"about":[{"href":"https:\/\/barsante.com.ar\/disegno\/wp-json\/wp\/v2\/types\/product"}],"replies":[{"embeddable":true,"href":"https:\/\/barsante.com.ar\/disegno\/wp-json\/wp\/v2\/comments?post=2510"}],"wp:featuredmedia":[{"embeddable":true,"href":"https:\/\/barsante.com.ar\/disegno\/wp-json\/wp\/v2\/media\/3163"}],"wp:attachment":[{"href":"https:\/\/barsante.com.ar\/disegno\/wp-json\/wp\/v2\/media?parent=2510"}],"wp:term":[{"taxonomy":"product_brand","embeddable":true,"href":"https:\/\/barsante.com.ar\/disegno\/wp-json\/wp\/v2\/product_brand?post=2510"},{"taxonomy":"product_cat","embeddable":true,"href":"https:\/\/barsante.com.ar\/disegno\/wp-json\/wp\/v2\/product_cat?post=2510"},{"taxonomy":"product_tag","embeddable":true,"href":"https:\/\/barsante.com.ar\/disegno\/wp-json\/wp\/v2\/product_tag?post=2510"}],"curies":[{"name":"wp","href":"https:\/\/api.w.org\/{rel}","templated":true}]}}