{"id":3536,"date":"2026-02-27T15:01:39","date_gmt":"2026-02-27T15:01:39","guid":{"rendered":"http:\/\/barsante.com.ar\/disegno\/?post_type=product&#038;p=3536"},"modified":"2026-02-27T15:05:56","modified_gmt":"2026-02-27T15:05:56","slug":"josefa","status":"publish","type":"product","link":"https:\/\/barsante.com.ar\/disegno\/producto\/sillones\/josefa\/","title":{"rendered":"Josefa"},"content":{"rendered":"<p>Josefa valoriza la potencia de la madera en cada trazo. La estructura continua evidencia su fuerza natural, sosteniendo el dise\u00f1o con firmeza y precisi\u00f3n.<\/p>\n<p>El asiento amplio y el respaldo curvo aportan confort, mientras que los detalles en cuero integran materiales y vol\u00famenes. Una poltrona que combina robustez y comodidad, revelando la madera como protagonista.<\/p>\n","protected":false},"excerpt":{"rendered":"<p>Josefa valoriza la potencia de la madera en cada trazo. La estructura continua evidencia su fuerza natural, sosteniendo el dise\u00f1o con firmeza y precisi\u00f3n. El asiento amplio y el respaldo curvo aportan confort, mientras que los detalles en cuero integran materiales y vol\u00famenes. Una poltrona que combina robustez y comodidad, revelando la madera como protagonista.<\/p>\n","protected":false},"featured_media":3539,"comment_status":"closed","ping_status":"closed","template":"","meta":{"_et_pb_use_builder":"","_et_pb_old_content":"","_et_gb_content_width":""},"product_brand":[],"product_cat":[22],"product_tag":[],"class_list":{"0":"post-3536","1":"product","2":"type-product","3":"status-publish","4":"has-post-thumbnail","6":"product_cat-sillones","8":"first","9":"instock","10":"product-type-simple"},"_links":{"self":[{"href":"https:\/\/barsante.com.ar\/disegno\/wp-json\/wp\/v2\/product\/3536","targetHints":{"allow":["GET"]}}],"collection":[{"href":"https:\/\/barsante.com.ar\/disegno\/wp-json\/wp\/v2\/product"}],"about":[{"href":"https:\/\/barsante.com.ar\/disegno\/wp-json\/wp\/v2\/types\/product"}],"replies":[{"embeddable":true,"href":"https:\/\/barsante.com.ar\/disegno\/wp-json\/wp\/v2\/comments?post=3536"}],"wp:featuredmedia":[{"embeddable":true,"href":"https:\/\/barsante.com.ar\/disegno\/wp-json\/wp\/v2\/media\/3539"}],"wp:attachment":[{"href":"https:\/\/barsante.com.ar\/disegno\/wp-json\/wp\/v2\/media?parent=3536"}],"wp:term":[{"taxonomy":"product_brand","embeddable":true,"href":"https:\/\/barsante.com.ar\/disegno\/wp-json\/wp\/v2\/product_brand?post=3536"},{"taxonomy":"product_cat","embeddable":true,"href":"https:\/\/barsante.com.ar\/disegno\/wp-json\/wp\/v2\/product_cat?post=3536"},{"taxonomy":"product_tag","embeddable":true,"href":"https:\/\/barsante.com.ar\/disegno\/wp-json\/wp\/v2\/product_tag?post=3536"}],"curies":[{"name":"wp","href":"https:\/\/api.w.org\/{rel}","templated":true}]}}